47 - 45953?
-46000
In base 12, what is -2b6a5 - 6?
-2b6ab
In base 12, what is -aa021a + 5?
-aa0215
In base 16, what is -5e - -3e4?
386
In base 15, what is 0 - b657?
-b657
In base 12, what is -6 - -5841?
5837
In base 7, what is -24 - -1650?
1623
In base 14, what is -35a + 46?
-314
In base 15, what is 1d2c6 - -2?
1d2c8
In base 3, what is 100110 + 10101012?
10201122
In base 16, what is 81ac + -2?
81aa
In base 14, what is c04 + 29?
c2d
In base 4, what is 1132 + 1120020?
1121212
In base 3, what is -121 - -10122101001?
10122100110
In base 2, what is -111 - -100111110000111?
100111110000000
In base 10, what is -48 - -33139?
33091
In base 3, what is -20010011110 - -1?
-20010011102
In base 16, what is 60 - d2e?
-cce
In base 15, what is 8 + -1834?
-182b
In base 12, what is 5 - -496a?
4973
In base 9, what is -5 - 10510?
-10515
In base 16, what is -1 + d41e?
d41d
In base 5, what is 31141 + -301?
30340
In base 6, what is -1150415 + -232?
-1151051
In base 9, what is -5 - -153861?
153855
In base 15, what is 7 + -9a8?
-9a1
In base 9, what is 2 + -30326?
-30324
In base 8, what is 1144 + 2?
1146
In base 2, what is -100110001100 - 0?
-100110001100
In base 13, what is 7050 - 1?
704c
In base 16, what is -29fe - -10?
-29ee
In base 11, what is -a + -15a?
-169
In base 14, what is 4 + b32b8?
b32bc
In base 7, what is 325541 + -1?
325540
In base 15, what is 129 + 191?
2ba
In base 4, what is 211130 + -21?
211103
In base 13, what is -546 + 16?
-530
In base 6, what is 2 - -1353014?
1353020
In base 10, what is -20151 + -2?
-20153
In base 15, what is 4a16 + -13?
4a03
In base 14, what is 163 + bb?
240
In base 8, what is 446730 + -4?
446724
In base 2, what is 1010000 - 11100010011?
-11011000011
In base 10, what is 4882 - 0?
4882
In base 6, what is 13 - 2311532?
-2311515
In base 9, what is 72403 + 123?
72526
In base 9, what is 2385827 - -1?
2385828
In base 2, what is 10010001011001010 - -1001?
10010001011010011
In base 13, what is 57a + 44?
5c1
In base 4, what is -3 + 101121102?
101121033
In base 15, what is 60bad - -4?
60bb2
In base 14, what is 7 + 4a695?
4a69c
In base 14, what is -1d0 - -27?
-1a7
In base 10, what is 4193 + -32?
4161
In base 10, what is -154 + 1125?
971
In base 12, what is 1b7b8 - 26?
1b792
In base 16, what is -d8 - 1b6?
-28e
In base 9, what is -1 + 360441?
360440
In base 11, what is -18a217 + -2?
-18a219
In base 15, what is -5 + -27de?
-27e4
In base 13, what is a + 47?
54
In base 12, what is 19a + a36b?
a549
In base 9, what is 85 + -11712?
-11616
In base 6, what is 130 - -1232?
1402
In base 9, what is 4505 - -26?
4532
In base 15, what is 50 + -7a61?
-7a11
In base 14, what is -95 + -15ab?
-1662
In base 9, what is 267 + -7188?
-6821
In base 13, what is -b1 - 1a676?
-1a757
In base 13, what is -248 - -39?
-20c
In base 9, what is 2863 + -135?
2727
In base 16, what is f40f - -4?
f413
In base 3, what is -2 - -12012100?
12012021
In base 11, what is -627 - -a?
-618
In base 5, what is -103114 + 23?
-103041
In base 6, what is -111444 + -13?
-111501
In base 7, what is 26105 + 11?
26116
In base 3, what is -12 + -12221001021?
-12221001110
In base 3, what is -10122010 + -12?
-10122022
In base 7, what is 1603 + -52?
1521
In base 2, what is 1001 - -1110000011001?
1110000100010
In base 13, what is 11c49 + -2?
11c47
In base 5, what is 103200 - 113?
103032
In base 16, what is 8 + -290?
-288
In base 13, what is 5 - -470782?
470787
In base 10, what is -27698 - -82?
-27616
In base 3, what is 100 + 2002002121?
2002002221
In base 3, what is 212111 + 2000?
221111
In base 11, what is -17a + -120?
-29a
In base 10, what is -4 - -54304?
54300
In base 2, what is 110010001100001011 - -10?
110010001100001101
In base 11, what is -12139 + 19?
-12120
In base 3, what is 11212002220 - 1020?
11212001200
In base 12, what is ab91 - 9?
ab84
In base 7, what is -1623 + -3311?
-5234
In base 12, what is ba + 16?
114
In base 3, what is 1122 + 202100010?
202101202
In base 2, what is 101001000001100100 + -11?
101001000001100001
In base 4, what is 3230312203 - -3?
3230312212
In base 15, what is 15bd89 - -1?
15bd8a
In base 13, what is 5800 - 1?
57cc
In base 2, what is 10000101111011110010 + 11?
10000101111011110101
In base 11, what is 3 - 2a435?
-2a432
In base 10, what is 5 + 346645?
346650
In base 7, what is 1615 + 313?
2231
In base 9, what is 15 - -426450?
426465
In base 11, what is 1267 + 126?
1392
In base 10, what is 35693 - -21?
35714
In base 16, what is bf + 3a1?
460
In base 4, what is -11103113122 - -11?
-11103113111
In base 7, what is -15 + 2443060?
2443042
In base 5, what is 202 - -24301?
30003
In base 15, what is 2c5 - -458?
72d
In base 4, what is -2022 + 1311111?
1303023
In base 13, what is -12 - -11764?
11752
In base 4, what is -13310233 + 11?
-13310222
In base 3, what is 120 + 11102010001?
11102010121
In base 12, what is -6 - 10090?
-10096
In base 13, what is -3c419 - 6?
-3c422
In base 4, what is -221 - -1010332?
1010111
In base 15, what is -24 + -5e6?
-61a
In base 4, what is 323 + -1030111?
-1023122
In base 6, what is 1 + 13042?
13043
In base 11, what is -58 + -819?
-876
In base 5, what is 201442 + -3?
201434
In base 10, what is -2055 + -927?
-2982
In base 4, what is -3110 + 1022022?
1012312
In base 2, what is -100010 + 100100101?
100000011
In base 2, what is -10101 - 101001010100?
-101001101001
In base 16, what is 3e - -342?
380
In base 4, what is -1 - 11223032?
-11223033
In base 7, what is -3035242 + -2?
-3035244
In base 9, what is -24372 + -4?
-24376
In base 13, what is 37 + ab2?
b19
In base 16, what is -c82b2 - 5?
-c82b7
In base 15, what is 8c - 48?
44
In base 3, what is -111101002 + 20?
-111100212
In base 12, what is 4a52 - -b?
4a61
In base 16, what is -22 + -371?
-393
In base 11, what is 15 - -1006?
1020
In base 14, what is 68b71 + -4?
68b6b
In base 14, what is 2d - -6dc?
72b
In base 6, what is -3415 - 54?
-3513
In base 3, what is -2020112 - 21210?
-2112022
In base 13, what is -b - -1415?
1407
In base 13, what is 76a + 1?
76b
In base 12, what is -3 - 41b1?
-41b4
In base 10, what is -4 - 1642?
-1646
In base 15, what is 3 + 297d2?
297d5
In base 10, what is 161 + -11?
150
In base 8, what is -1011402 + 0?
-1011402
In base 8, what is 10 - -2563?
2573
In base 5, what is 303103 + 1?
303104
In base 5, what is -20 - -2112322?
2112302
In base 6, what is -2 + -152533?
-152535
In base 10, what is -32 - 13226?
-13258
In base 11, what is 2047 - -4?
2050
In base 7, what is 233331 - 3?
233325
In base 5, what is -3210024 - -4?
-3210020
In base 14, what is 10 - 2c?
-1c
In base 3, what is -21 + -12221100?
-12221121
In base 14, what is -6db7b - b?
-6db88
In base 14, what is 2a0 + a5?
365
In base 16, what is 5 + -349?
-344
In base 10, what is 915 - 2749?
-1834
In base 4, what is 12021 - -1322?
20003
In base 2, what is -101 - -111011010100?
111011001111
In base 6, what is 52424 - -5?
52433
In base 13, what is -56b6 + 1?
-56b5
In base 16, what is -52c + 2ed?
-23f
In base 6, what is -113120 + 2?
-113114
In base 12, what is -27 - -a17?
9b0
In base 4, what is 1320 - 13031?
-11111
In base 11, what is -18 - -21345?
21328
In base 7, what is 2354 - -13623?
16310
In base 10, what is -30 - -1051?
1021
In base 7, what is -1353 - 113?
-1466
In base 2, what is 1000011000110 + 1110?
1000011010100
In base 16, what is b9 - -224?
2dd
In base 14, what is -c4 + -d9?
-1bd
In base 10, what is 2268 - 29?
2239
In base 10, what is 5 - 158878?
-158873
In base 16, what is -a - 117?
-121
In base 11, what is 257a + -57?
2523
In base 12, what is -41961 - -4?
-41959
In base 11, what is -153 - 4446?
-4599
In base 13, what is 1ac6 - 39?
1a8a
In base 7, what is -1002443 - 1?
-1002444
In base 16, what is 16c - -44?
1b0
In base 8, what is -4 - -10641?
10635
In base 3, what is -210200120 + -1022?
-210201212
In base 13, what is 4 + 1a009?
1a010
In base 11, what is -2 - -22156?
22154
In base 8, what is 3 + 3063?
3066
In base 8, what is 2 + 243406?
243410
In base 14, what is 65b - 1b?
640
In base 8, what is 3 + 2001?
2004
In base 15, what is -11d14 - -2?
-11d12
In base 5, what is 10 - -2310234?
2310244
In base 10, what is -14863 + 3?
-14860
In base 2, what is -1100001000 + 1111?
-1011111001
In base 6, what is 25055 + 120?
25215
In base 16, what is 12faf + 2?
12fb1
In base 9, what is 22 - -206?
228
In base 14, what is -a9 - -4356?
428b
In base 5